hat is the highest common factor of u and y?
7
Let i(f) = 11*f - 3. Let h(u) = -22*u + 6. Let g(o) = -3*h(o) - 5*i(o). Let d be g(5). Suppose d = 3*x - 56. Calculate the greatest common divisor of x and 24.
12
Suppose 4*y - 100 = q, 4*y + 3*q - 70 = 46. Let a = y + -15. Calculate the greatest common factor of 77 and a.
11
Suppose -6 = 4*q + 2, -k - 2*q = 0. Let m = 81 + -49. Calculate the greatest common factor of k and m.
4
Let v = 8 + -1. Let h(t) = -11*t + 5 + t**2 - 2*t**2 + 3*t**2 + 0*t. Let b be h(v). What is the greatest common divisor of 39 and b?
13
Let t(n) = 17*n**2 + 2*n. Let b be t(2). Suppose 3*g - 918 = b. Suppose g - 80 = 5*d. What is the greatest common divisor of d and 20?
10
Let j(w) = 2*w**3 + w**2 - 2*w + 1. Let i be j(1). Let a = i - -6. Suppose -a - 104 = -c. Calculate the highest common factor of c and 16.
16
Let m be 1/(-1 - (-7)/6). Suppose 3*f = -0*f + m. Suppose 4*s = 69 + 19. What is the greatest common factor of s and f?
2
Suppose 2*h = -k + 10, -24 = -4*k - 3*h - h. Suppose k*b = -3*b + 55. Calculate the greatest common divisor of b and 44.
11
Let c(k) = -k - 10. Let n be c(-19). Suppose 0 = -2*q - 8, -3*g - 2*g + 13 = -2*q. What is the highest common factor of n and g?
1
Let t = 78 - 56. What is the highest common factor of 176 and t?
22
Let o = 7 + 20. Let t = 38 - o. Suppose 276 = 4*l - p - 34, 5*l - 5*p - 395 = 0. Calculate the highest common divisor of t and l.
11
Let w = 63 - 45. Let o = 40 - w. Calculate the highest common divisor of 33 and o.
11
Suppose -2*w = -3*w + 2. Suppose w*r - 36 = -r. What is the highest common divisor of r and 30?
6
Let r be -2*((-675)/(-2))/(-3). Calculate the highest common factor of r and 25.
25
Suppose 2*x = -3*c + 50, 3*x - 20 = -2*x. Let v = c + -3. Calculate the greatest common factor of v and 99.
11
Suppose p = -8*p + 162. Calculate the greatest common factor of p and 144.
18
Suppose d + 18 = 2*z, -3*d + 48 = 4*z + d. Let k be 8/36 + (-1616)/(-18). What is the greatest common factor of k and z?
10
Suppose 45 = k + 8. Suppose 2*u - z = k + 38, 5*u = 2*z + 186. What is the highest common divisor of 9 and u?
9
Let c be 0/1 - 4*-1. Let s be 2/c*(1 - -25). Suppose t - 41 = -3*h, -18 = -h - 5*t + 5. What is the greatest common factor of h and s?
13
Suppose -5*i - 13 = 5*p - 133, -148 = -5*i + 2*p. Let g = -11 - -25. What is the greatest common divisor of i and g?
14
Let a be -6 + 2/(-4)*0. Let c(g) = g**2 + 4*g - 6. Let y be c(a). Let x be y/4*(-32)/(-6). Calculate the greatest common divisor of 24 and x.
8
Suppose -3*g - g - n = -25, 5*g - 27 = 3*n. Let a = -9 + g. Let t = 6 + a. What is the highest common divisor of 3 and t?
3
Let q = 8 - 5. Suppose q*l - 205 = -2*l. Suppose -2*p + l = -39. What is the highest common divisor of p and 8?
8
Suppose -1 = -2*o - o + q, -3 = 3*q. Suppose -2*h + 94 = -a, h + 5*a - 69 = -o*h. Calculate the highest common factor of h and 7.
7
Suppose 13 = 4*x - 7. Suppose x*m = m + 72. What is the greatest common factor of 180 and m?
18
Let m(t) = -8*t. Let a = 1 - 2. Let p be m(a). Calculate the highest common divisor of 24 and p.
8
Let q = 110 + 18. Let m = 13 + -15. Let z be m*3/(-9)*24. What is the greatest common divisor of z and q?
16
Let l(f) = f**2 + 12*f + 10. Let y be l(-12). What is the greatest common divisor of 25 and y?
5
Suppose 0 = 2*k - k + 2*f - 12, f = 0. Calculate the highest common divisor of 12 and k.
12
Let g be (0 + 2)/(4/38). Let i = g + -9. What is the highest common divisor of i and 110?
10
Suppose 0 = -u + 2*y + 20, 13 - 5 = 4*y. Calculate the highest common factor of 3 and u.
3
Suppose 3*a = -2*a + 245. What is the greatest common divisor of a and 7?
7
Let y(m) = 29*m + 5. Let s be y(4). Let g = -40 + s. What is the greatest common divisor of 9 and g?
9
Let f be (-3)/(-4 - (-10)/4). What is the highest common factor of f and 22?
2
Let n(b) = -b**2 + 13*b - 15. Let d be n(11). Suppose -153 + 48 = -5*l. What is the highest common factor of d and l?
7
Let z be 4/22 - 258/(-33). Suppose y + z = 3*y. What is the highest common factor of y and 2?
2
Let y be 3/(-1 + (-14)/(-20)). Let i be (-15)/(y/(-8) - 2). Suppose -5*x = -6*f + 2*f + 25, 4*f + 5*x = 15. What is the greatest common factor of f and i?
5
Suppose -2 = -c - 0. Suppose -3*g + 4*o = o - 255, -c*g = 2*o - 150. Calculate the greatest common divisor of 32 and g.
16
Suppose 0 = 2*a - 6*a + 8. Suppose -9 = -o + 5*f - a, o = -2*f. Suppose o*w - 15 = -m, -3*w - 3 = -4*w - 5*m. Calculate the highest common divisor of w and 2.
2
Suppose -7*d = -2*d. Let r be 3 + -1*(1 + 0). Suppose d*h + 66 = r*h. What is the highest common factor of h and 3?
3
Suppose -2*l + 15 = -5*l. Let i be 8*(-3)/15*l. What is the highest common divisor of i and 64?
8
Suppose 0 = -0*z - 4*z + 64. Calculate the greatest common factor of 16 and z.
16
Let t be (-36)/(-10) + 4/10. Suppose 17 = 3*k - 5*n, t*k - 10 = k - 2*n. Calculate the highest common divisor of k and 8.
4
Let a = 24 - 19. Suppose v - 5*i = 17, -a*v - i + 33 = -0*v. Calculate the highest common factor of 7 and v.
7
Suppose 0 = -3*r + 11*r - 72. Calculate the greatest common divisor of 36 and r.
9
Let o = -2 - -20. Calculate the highest common divisor of o and 6.
6
Let k = -2 - -4. Suppose 22 = 5*o - 2*j - 27, k*o - 3*j - 24 = 0. Suppose h - o + 1 = 0. What is the greatest common factor of h and 40?
8
Suppose -5*w + 133 = -17. Suppose 15 = g + 4*l, 5*g = 3*l + 101 - 26. Calculate the highest common divisor of g and w.
15
Let s = -375 + 528. Calculate the highest common divisor of s and 9.
9
Let i = 122 - 22. Calculate the greatest common factor of i and 25.
25
Let h = -2 - -11. Let q(d) = d**3 - 10*d**2 + 10*d - 11. Let r be q(h). Let c = 4 + r. What is the greatest common divisor of c and 2?
2
Let g(t) = 3*t + 5. Let y be g(9). Calculate the greatest common divisor of y and 64.
32
Let j = 31 + 29. What is the highest common factor of 12 and j?
12
Let u = 27 + -22. Let v be 1/(-15)*-21*u. What is the greatest common factor of v and 21?
7
Suppose -274 + 1324 = 10*c. What is the greatest common divisor of c and 15?
15
Let r be (0 - 0) + -3*5. Let j = -10 - r. What is the highest common divisor of j and 25?
5
Let u(o) = o**2 + 5*o - 3. Let n be u(-4). Let l = n - -10. Suppose -i - 4*x - 2 = -2*i, -l*i + 38 = -4*x. What is the greatest common divisor of i and 18?
18
Suppose m + 4 - 12 = 0. Suppose -8 = 3*p + 4*o, p - o - 17 = -m. What is the highest common divisor of 16 and p?
4
Suppose 0 = 5*h - 17 - 3. Suppose -4*y = -d - 5*y + 19, h*y + 36 = 3*d. What is the highest common factor of 48 and d?
16
Let w = -4 - -4. Suppose w = t - h - 27, -8*h - 109 = -4*t - 3*h. Calculate the highest common factor of 39 and t.
13
Let l = 1 - -6. Suppose -10*v = -l*v - 21. Calculate the highest common divisor of 49 and v.
7
Let k be 11/44 + (-14)/(-8). What is the greatest common factor of 20 and k?
2
Let w = -12 - -17. Suppose 6*y - y = -w, -4*y - 1 = -3*o. Let f = o - -4. Calculate the greatest common factor of f and 12.
3
Let w be (0 - (0 - 0))/(-1). Let a(x) = 5*x + w*x**2 + 2*x + x**2 + 6. Let r be a(-9). What is the greatest common divisor of r and 3?
3
Suppose d + 4*d - 40 = 0. Let q(r) = 2*r + 3*r**2 + 2*r**2 - 3*r**2 + r**2. Let g be q(-4). What is the greatest common factor of d and g?
8
Let t(j) = 3*j**2 + 56*j - 2. Let g be t(-19). Calculate the highest common factor of g and 85.
17
Let i = -7 - -2. Let w = 5 - i. What is the greatest common factor of w and 15?
5
Suppose 0 = q + 2 - 3. Let n be (-1 - -3)*3/2. What is the highest common divisor of q and n?
1
Let o be 5 + -2 + 2/2. Suppose -w - o = -3*w. Suppose -4*z - 3*r = 5, z + 16 = w*z - 5*r. Calculate the highest common factor of 11 and z.
1
Let v be 73 + (2 - (5 - 2)). Suppose -3*h + 19 + 5 = 0. What is the greatest common factor of v and h?
8
Suppose -4*q - 2*x = -668, q + 4*x = 3*q - 344. What is the greatest common divisor of q and 56?
56
Let u = 25 - 13. What is the highest common factor of 4 and u?
4
Suppose 0*f = 5*j + 2*f - 49, 3*j + 4*f = 35. Let x be (14/(-4))/7*-12. What is the greatest common factor of j and x?
3
Suppose -5*l = 3*x - 8, 7*l = 4*l + 3*x. Let n = 5 - l. Suppose 0 = 5*v + n - 9. Calculate the greatest common factor of v and 3.
1
Suppose -7*s + 3*s + 160 = 0. Suppos